{"id":2474,"date":"2026-05-03T02:05:09","date_gmt":"2026-05-03T02:05:09","guid":{"rendered":"https:\/\/consultanova.online\/panela\/?post_type=product&#038;p=2474"},"modified":"2026-05-03T03:23:44","modified_gmt":"2026-05-03T03:23:44","slug":"jogo-de-panelas-tramontina-paris-em-aluminio-com-revestimento-interno-e-externo-antiaderente-starflon-max-vermelho-7-pecas","status":"publish","type":"product","link":"https:\/\/consultanova.online\/panela\/produto\/jogo-de-panelas-tramontina-paris-em-aluminio-com-revestimento-interno-e-externo-antiaderente-starflon-max-vermelho-7-pecas\/","title":{"rendered":"Jogo de Panelas Tramontina Paris em Alum\u00ednio com Revestimento Interno e Externo Antiaderente Starflon Max Vermelho 7 Pe\u00e7as"},"content":{"rendered":"\t\t<div data-elementor-type=\"wp-post\" data-elementor-id=\"2474\" class=\"elementor elementor-2474\">\n\t\t\t\t<div class=\"elementor-element elementor-element-b909825 e-flex e-con-boxed wpr-particle-no wpr-jarallax-no wpr-parallax-no wpr-sticky-section-no wpr-equal-height-no e-con e-parent\" data-id=\"b909825\" data-element_type=\"container\" data-e-type=\"container\">\n\t\t\t\t\t<div class=\"e-con-inner\">\n\t\t\t\t<div class=\"elementor-element elementor-element-b3c21cc elementor-widget elementor-widget-text-editor\" data-id=\"b3c21cc\" data-element_type=\"widget\" data-e-type=\"widget\" data-widget_type=\"text-editor.default\">\n\t\t\t\t<div class=\"elementor-widget-container\">\n\t\t\t\t\t\t\t\t\t<div class=\"custom-text-box\" data-overflow=\"true\" data-expanded=\"true\"><div class=\"custom-text-box\" data-overflow=\"true\" data-expanded=\"true\"><p class=\"custom-text\">O jogo de panelas Tramontina Paris em alum\u00ednio com revestimento interno e externo antiaderente Starflon Max vermelho 7 Pe\u00e7as tem itens especiais para o sucesso das suas tarefas na cozinha! Ele tem pe\u00e7as produzidas em alum\u00ednio com revestimento interno e externo antiaderente Starflon Max, atributos que proporcionam o cozimento uniforme dos alimentos e evita que eles grudem em suas superf\u00edcies. Suas panelas e a ca\u00e7arola possuem tampas de vidro temperado com bordas em a\u00e7o inox e seus cabos e al\u00e7as s\u00e3o em baquelite antit\u00e9rmico e os pegadores em nylon, materiais que proporcionam um manuseio seguro e confort\u00e1vel, pois n\u00e3o aquecem. Al\u00e9m disso, \u00e9 um jogo f\u00e1cil de limpar e que pode ir \u00e0 m\u00e1quina de lavar lou\u00e7as. Com a Tramontina, voc\u00ea tem o melhor para equipar sua cozinha!<\/p><\/div><p class=\"custom-text-toggle\">\u00a0<\/p><\/div>\t\t\t\t\t\t\t\t<\/div>\n\t\t\t\t<\/div>\n\t\t\t\t<div class=\"elementor-element elementor-element-2fccd46 elementor-widget elementor-widget-n-accordion\" data-id=\"2fccd46\" data-element_type=\"widget\" data-e-type=\"widget\" data-settings=\"{&quot;default_state&quot;:&quot;all_collapsed&quot;,&quot;max_items_expended&quot;:&quot;one&quot;,&quot;n_accordion_animation_duration&quot;:{&quot;unit&quot;:&quot;ms&quot;,&quot;size&quot;:400,&quot;sizes&quot;:[]}}\" data-widget_type=\"nested-accordion.default\">\n\t\t\t\t<div class=\"elementor-widget-container\">\n\t\t\t\t\t\t\t<div class=\"e-n-accordion\" aria-label=\"Accordion. Open links with Enter or Space, close with Escape, and navigate with Arrow Keys\">\n\t\t\t\t\t\t<details id=\"e-n-accordion-item-5010\" class=\"e-n-accordion-item\" >\n\t\t\t\t<summary class=\"e-n-accordion-item-title\" data-accordion-index=\"1\" tabindex=\"0\" aria-expanded=\"false\" aria-controls=\"e-n-accordion-item-5010\" >\n\t\t\t\t\t<span class='e-n-accordion-item-title-header'><div class=\"e-n-accordion-item-title-text\"> Informa\u00e7\u00f5es Gerais <\/div><\/span>\n\t\t\t\t\t\t\t<span class='e-n-accordion-item-title-icon'>\n\t\t\t<span class='e-opened' ><svg aria-hidden=\"true\" class=\"e-font-icon-svg e-fas-minus\" viewBox=\"0 0 448 512\" xmlns=\"http:\/\/www.w3.org\/2000\/svg\"><path d=\"M416 208H32c-17.67 0-32 14.33-32 32v32c0 17.67 14.33 32 32 32h384c17.67 0 32-14.33 32-32v-32c0-17.67-14.33-32-32-32z\"><\/path><\/svg><\/span>\n\t\t\t<span class='e-closed'><svg aria-hidden=\"true\" class=\"e-font-icon-svg e-fas-plus\" viewBox=\"0 0 448 512\" xmlns=\"http:\/\/www.w3.org\/2000\/svg\"><path d=\"M416 208H272V64c0-17.67-14.33-32-32-32h-32c-17.67 0-32 14.33-32 32v144H32c-17.67 0-32 14.33-32 32v32c0 17.67 14.33 32 32 32h144v144c0 17.67 14.33 32 32 32h32c17.67 0 32-14.33 32-32V304h144c17.67 0 32-14.33 32-32v-32c0-17.67-14.33-32-32-32z\"><\/path><\/svg><\/span>\n\t\t<\/span>\n\n\t\t\t\t\t\t<\/summary>\n\t\t\t\t<div role=\"region\" aria-labelledby=\"e-n-accordion-item-5010\" class=\"elementor-element elementor-element-116cb59 e-con-full e-flex wpr-particle-no wpr-jarallax-no wpr-parallax-no wpr-sticky-section-no wpr-equal-height-no e-con e-child\" data-id=\"116cb59\" data-element_type=\"container\" data-e-type=\"container\">\n\t\t\t\t<div class=\"elementor-element elementor-element-3572ba9 elementor-widget elementor-widget-text-editor\" data-id=\"3572ba9\" data-element_type=\"widget\" data-e-type=\"widget\" data-widget_type=\"text-editor.default\">\n\t\t\t\t<div class=\"elementor-widget-container\">\n\t\t\t\t\t\t\t\t\t<div class=\"custom-text-box\" data-overflow=\"true\" data-expanded=\"true\"><div class=\"custom-text-box\" data-overflow=\"true\" data-expanded=\"true\"><div class=\"b2b-product-information\" data-expanded=\"false\"><div class=\"content\"><div class=\"custom-text-overflow\"><div class=\"custom-text-box\" data-overflow=\"false\"><p class=\"custom-text\">Corpo de alum\u00ednio com espessura que proporciona cozimento r\u00e1pido e uniforme. Revestimento interno e externo de antiaderente Starflon Max que n\u00e3o gruda, \u00e9 f\u00e1cil de limpar, mais dur\u00e1vel e n\u00e3o \u00e9 prejudicial \u00e0 sa\u00fade, pois \u00e9 livre de PFOA. Tampas de vidro temperado, com sa\u00edda de vapor e bordas de a\u00e7o inox. Cabos, al\u00e7as de baquelite antit\u00e9rmico e pegadores de nylon que oferecem seguran\u00e7a durante o manuseio. Podem ir \u00e0 m\u00e1quina de lavar lou\u00e7as facilitando seu dia a dia. Pode ser utilizada nos fog\u00f5es: g\u00e1s, el\u00e9trico e vitrocer\u00e2mico &#8211; resist\u00eancia el\u00e9trica.<\/p><\/div><\/div><\/div><\/div><div class=\"b2b-product-information\" data-expanded=\"false\"><div class=\"headline\">\u00a0<\/div><\/div><\/div><\/div>\t\t\t\t\t\t\t\t<\/div>\n\t\t\t\t<\/div>\n\t\t\t\t<\/div>\n\t\t\t\t\t<\/details>\n\t\t\t\t\t\t<details id=\"e-n-accordion-item-5011\" class=\"e-n-accordion-item\" >\n\t\t\t\t<summary class=\"e-n-accordion-item-title\" data-accordion-index=\"2\" tabindex=\"-1\" aria-expanded=\"false\" aria-controls=\"e-n-accordion-item-5011\" >\n\t\t\t\t\t<span class='e-n-accordion-item-title-header'><div class=\"e-n-accordion-item-title-text\"> Recomenda\u00e7\u00f5es de uso <\/div><\/span>\n\t\t\t\t\t\t\t<span class='e-n-accordion-item-title-icon'>\n\t\t\t<span class='e-opened' ><svg aria-hidden=\"true\" class=\"e-font-icon-svg e-fas-minus\" viewBox=\"0 0 448 512\" xmlns=\"http:\/\/www.w3.org\/2000\/svg\"><path d=\"M416 208H32c-17.67 0-32 14.33-32 32v32c0 17.67 14.33 32 32 32h384c17.67 0 32-14.33 32-32v-32c0-17.67-14.33-32-32-32z\"><\/path><\/svg><\/span>\n\t\t\t<span class='e-closed'><svg aria-hidden=\"true\" class=\"e-font-icon-svg e-fas-plus\" viewBox=\"0 0 448 512\" xmlns=\"http:\/\/www.w3.org\/2000\/svg\"><path d=\"M416 208H272V64c0-17.67-14.33-32-32-32h-32c-17.67 0-32 14.33-32 32v144H32c-17.67 0-32 14.33-32 32v32c0 17.67 14.33 32 32 32h144v144c0 17.67 14.33 32 32 32h32c17.67 0 32-14.33 32-32V304h144c17.67 0 32-14.33 32-32v-32c0-17.67-14.33-32-32-32z\"><\/path><\/svg><\/span>\n\t\t<\/span>\n\n\t\t\t\t\t\t<\/summary>\n\t\t\t\t<div role=\"region\" aria-labelledby=\"e-n-accordion-item-5011\" class=\"elementor-element elementor-element-22c529f e-con-full e-flex wpr-particle-no wpr-jarallax-no wpr-parallax-no wpr-sticky-section-no wpr-equal-height-no e-con e-child\" data-id=\"22c529f\" data-element_type=\"container\" data-e-type=\"container\">\n\t\t\t\t<div class=\"elementor-element elementor-element-a6e7c69 elementor-widget elementor-widget-text-editor\" data-id=\"a6e7c69\" data-element_type=\"widget\" data-e-type=\"widget\" data-widget_type=\"text-editor.default\">\n\t\t\t\t<div class=\"elementor-widget-container\">\n\t\t\t\t\t\t\t\t\t<div class=\"custom-text-box\" data-overflow=\"true\" data-expanded=\"true\"><p class=\"custom-text\">Antes do primeiro uso, lave com esponja macia, sab\u00e3o neutro ou detergente l\u00edquido. Depois de secar, unte a \u00e1rea interna com \u00f3leo ou gordura e leve ao fogo por um ou dois minutos. Deixe esfriar e lave novamente. Seu utens\u00edlio Starflon est\u00e1 pronto para uso com ou sem gordura, sempre em fogo baixo ou m\u00e9dio (nunca superior a 260\u00baC). Para mexer os alimentos use somente utens\u00edlios de silicone, nylon ou madeira. Limpeza: Evite a imers\u00e3o do utens\u00edlio quente em \u00e1gua fria. Nunca utilize produtos abrasivos na lavagem. Se deixar queimar alimentos, umede\u00e7a a \u00e1rea e reserve at\u00e9 que possa remover os res\u00edduos grudados com esponja e sab\u00e3o. A capacidade volum\u00e9trica m\u00e1xima para cozimento \u00e9 de 3\/4 da capacidade total da pe\u00e7a. Posicione os cabos dos utens\u00edlios voltados ao centro do fog\u00e3o. Em fog\u00f5es com grade, centralize as pe\u00e7as sobre a chama ou fonte de calor e alinhe os cabos com a grade. Utens\u00edlios quentes devem estar fora do alcance das crian\u00e7as. Para descarte dos produtos e embalagem siga as orienta\u00e7\u00f5es de reciclagem vigentes.<\/p><\/div><p class=\"custom-text-toggle\">\u00a0<\/p>\t\t\t\t\t\t\t\t<\/div>\n\t\t\t\t<\/div>\n\t\t\t\t<\/div>\n\t\t\t\t\t<\/details>\n\t\t\t\t\t\t<details id=\"e-n-accordion-item-5012\" class=\"e-n-accordion-item\" >\n\t\t\t\t<summary class=\"e-n-accordion-item-title\" data-accordion-index=\"3\" tabindex=\"-1\" aria-expanded=\"false\" aria-controls=\"e-n-accordion-item-5012\" >\n\t\t\t\t\t<span class='e-n-accordion-item-title-header'><div class=\"e-n-accordion-item-title-text\"> Especifica\u00e7\u00f5es <\/div><\/span>\n\t\t\t\t\t\t\t<span class='e-n-accordion-item-title-icon'>\n\t\t\t<span class='e-opened' ><svg aria-hidden=\"true\" class=\"e-font-icon-svg e-fas-minus\" viewBox=\"0 0 448 512\" xmlns=\"http:\/\/www.w3.org\/2000\/svg\"><path d=\"M416 208H32c-17.67 0-32 14.33-32 32v32c0 17.67 14.33 32 32 32h384c17.67 0 32-14.33 32-32v-32c0-17.67-14.33-32-32-32z\"><\/path><\/svg><\/span>\n\t\t\t<span class='e-closed'><svg aria-hidden=\"true\" class=\"e-font-icon-svg e-fas-plus\" viewBox=\"0 0 448 512\" xmlns=\"http:\/\/www.w3.org\/2000\/svg\"><path d=\"M416 208H272V64c0-17.67-14.33-32-32-32h-32c-17.67 0-32 14.33-32 32v144H32c-17.67 0-32 14.33-32 32v32c0 17.67 14.33 32 32 32h144v144c0 17.67 14.33 32 32 32h32c17.67 0 32-14.33 32-32V304h144c17.67 0 32-14.33 32-32v-32c0-17.67-14.33-32-32-32z\"><\/path><\/svg><\/span>\n\t\t<\/span>\n\n\t\t\t\t\t\t<\/summary>\n\t\t\t\t<div role=\"region\" aria-labelledby=\"e-n-accordion-item-5012\" class=\"elementor-element elementor-element-7e5e310 e-con-full e-flex wpr-particle-no wpr-jarallax-no wpr-parallax-no wpr-sticky-section-no wpr-equal-height-no e-con e-child\" data-id=\"7e5e310\" data-element_type=\"container\" data-e-type=\"container\">\n\t\t\t\t<div class=\"elementor-element elementor-element-1b2dd0b elementor-widget elementor-widget-image-gallery\" data-id=\"1b2dd0b\" data-element_type=\"widget\" data-e-type=\"widget\" data-widget_type=\"image-gallery.default\">\n\t\t\t\t<div class=\"elementor-widget-container\">\n\t\t\t\t\t\t\t<div class=\"elementor-image-gallery\">\n\t\t\t<div id='gallery-1' class='gallery galleryid-2474 gallery-columns-1 gallery-size-full'><figure class='gallery-item'>\n\t\t\t<div class='gallery-icon landscape'>\n\t\t\t\t<a data-elementor-open-lightbox=\"yes\" data-elementor-lightbox-slideshow=\"1b2dd0b\" data-elementor-lightbox-title=\"28599_702_d45be32e67\" data-e-action-hash=\"#elementor-action%3Aaction%3Dlightbox%26settings%3DeyJpZCI6MjQ4NiwidXJsIjoiaHR0cHM6XC9cL2NvbnN1bHRhbm92YS5vbmxpbmVcL3BhbmVsYVwvd3AtY29udGVudFwvdXBsb2Fkc1wvMjAyNlwvMDVcLzI4NTk5XzcwMl9kNDViZTMyZTY3LXNjYWxlZC5qcGciLCJzbGlkZXNob3ciOiIxYjJkZDBiIn0%3D\" href='https:\/\/consultanova.online\/panela\/wp-content\/uploads\/2026\/05\/28599_702_d45be32e67-scaled.jpg'><img fetchpriority=\"high\" decoding=\"async\" width=\"2560\" height=\"676\" src=\"https:\/\/consultanova.online\/panela\/wp-content\/uploads\/2026\/05\/28599_702_d45be32e67-scaled.jpg\" class=\"attachment-full size-full\" alt=\"\" srcset=\"https:\/\/consultanova.online\/panela\/wp-content\/uploads\/2026\/05\/28599_702_d45be32e67-scaled.jpg 2560w, https:\/\/consultanova.online\/panela\/wp-content\/uploads\/2026\/05\/28599_702_d45be32e67-300x79.jpg 300w, https:\/\/consultanova.online\/panela\/wp-content\/uploads\/2026\/05\/28599_702_d45be32e67-1024x270.jpg 1024w, https:\/\/consultanova.online\/panela\/wp-content\/uploads\/2026\/05\/28599_702_d45be32e67-768x203.jpg 768w, https:\/\/consultanova.online\/panela\/wp-content\/uploads\/2026\/05\/28599_702_d45be32e67-1536x406.jpg 1536w, https:\/\/consultanova.online\/panela\/wp-content\/uploads\/2026\/05\/28599_702_d45be32e67-2048x541.jpg 2048w, https:\/\/consultanova.online\/panela\/wp-content\/uploads\/2026\/05\/28599_702_d45be32e67-600x158.jpg 600w\" sizes=\"(max-width: 2560px) 100vw, 2560px\" \/><\/a>\n\t\t\t<\/div><\/figure>\n\t\t<\/div>\n\t\t<\/div>\n\t\t\t\t\t\t<\/div>\n\t\t\t\t<\/div>\n\t\t\t\t<\/div>\n\t\t\t\t\t<\/details>\n\t\t\t\t\t<\/div>\n\t\t\t\t\t\t<\/div>\n\t\t\t\t<\/div>\n\t\t\t\t<div class=\"elementor-element elementor-element-5e43d98 elementor-widget elementor-widget-image-gallery\" data-id=\"5e43d98\" data-element_type=\"widget\" data-e-type=\"widget\" data-widget_type=\"image-gallery.default\">\n\t\t\t\t<div class=\"elementor-widget-container\">\n\t\t\t\t\t\t\t<div class=\"elementor-image-gallery\">\n\t\t\t<div id='gallery-2' class='gallery galleryid-2474 gallery-columns-1 gallery-size-full'><figure class='gallery-item'>\n\t\t\t<div class='gallery-icon landscape'>\n\t\t\t\t<a data-elementor-open-lightbox=\"yes\" data-elementor-lightbox-slideshow=\"5e43d98\" data-elementor-lightbox-title=\"Argumentos_Starflon_41fad91371\" data-e-action-hash=\"#elementor-action%3Aaction%3Dlightbox%26settings%3DeyJpZCI6MjQ4NSwidXJsIjoiaHR0cHM6XC9cL2NvbnN1bHRhbm92YS5vbmxpbmVcL3BhbmVsYVwvd3AtY29udGVudFwvdXBsb2Fkc1wvMjAyNlwvMDVcL0FyZ3VtZW50b3NfU3RhcmZsb25fNDFmYWQ5MTM3MS1zY2FsZWQuanBnIiwic2xpZGVzaG93IjoiNWU0M2Q5OCJ9\" href='https:\/\/consultanova.online\/panela\/wp-content\/uploads\/2026\/05\/Argumentos_Starflon_41fad91371-scaled.jpg'><img decoding=\"async\" width=\"2560\" height=\"676\" src=\"https:\/\/consultanova.online\/panela\/wp-content\/uploads\/2026\/05\/Argumentos_Starflon_41fad91371-scaled.jpg\" class=\"attachment-full size-full\" alt=\"\" srcset=\"https:\/\/consultanova.online\/panela\/wp-content\/uploads\/2026\/05\/Argumentos_Starflon_41fad91371-scaled.jpg 2560w, https:\/\/consultanova.online\/panela\/wp-content\/uploads\/2026\/05\/Argumentos_Starflon_41fad91371-300x79.jpg 300w, https:\/\/consultanova.online\/panela\/wp-content\/uploads\/2026\/05\/Argumentos_Starflon_41fad91371-1024x270.jpg 1024w, https:\/\/consultanova.online\/panela\/wp-content\/uploads\/2026\/05\/Argumentos_Starflon_41fad91371-768x203.jpg 768w, https:\/\/consultanova.online\/panela\/wp-content\/uploads\/2026\/05\/Argumentos_Starflon_41fad91371-1536x406.jpg 1536w, https:\/\/consultanova.online\/panela\/wp-content\/uploads\/2026\/05\/Argumentos_Starflon_41fad91371-2048x541.jpg 2048w, https:\/\/consultanova.online\/panela\/wp-content\/uploads\/2026\/05\/Argumentos_Starflon_41fad91371-600x158.jpg 600w\" sizes=\"(max-width: 2560px) 100vw, 2560px\" \/><\/a>\n\t\t\t<\/div><\/figure>\n\t\t<\/div>\n\t\t<\/div>\n\t\t\t\t\t\t<\/div>\n\t\t\t\t<\/div>\n\t\t\t\t<div class=\"elementor-element elementor-element-8795c17 elementor-widget elementor-widget-image-gallery\" data-id=\"8795c17\" data-element_type=\"widget\" data-e-type=\"widget\" data-widget_type=\"image-gallery.default\">\n\t\t\t\t<div class=\"elementor-widget-container\">\n\t\t\t\t\t\t\t<div class=\"elementor-image-gallery\">\n\t\t\t<div id='gallery-3' class='gallery galleryid-2474 gallery-columns-1 gallery-size-full'><figure class='gallery-item'>\n\t\t\t<div class='gallery-icon landscape'>\n\t\t\t\t<a data-elementor-open-lightbox=\"yes\" data-elementor-lightbox-slideshow=\"8795c17\" data-elementor-lightbox-title=\"28599_702_279474a50e\" data-e-action-hash=\"#elementor-action%3Aaction%3Dlightbox%26settings%3DeyJpZCI6MjQ4MywidXJsIjoiaHR0cHM6XC9cL2NvbnN1bHRhbm92YS5vbmxpbmVcL3BhbmVsYVwvd3AtY29udGVudFwvdXBsb2Fkc1wvMjAyNlwvMDVcLzI4NTk5XzcwMl8yNzk0NzRhNTBlLnBuZyIsInNsaWRlc2hvdyI6Ijg3OTVjMTcifQ%3D%3D\" href='https:\/\/consultanova.online\/panela\/wp-content\/uploads\/2026\/05\/28599_702_279474a50e.png'><img decoding=\"async\" width=\"1136\" height=\"560\" src=\"https:\/\/consultanova.online\/panela\/wp-content\/uploads\/2026\/05\/28599_702_279474a50e.png\" class=\"attachment-full size-full\" alt=\"\" srcset=\"https:\/\/consultanova.online\/panela\/wp-content\/uploads\/2026\/05\/28599_702_279474a50e.png 1136w, https:\/\/consultanova.online\/panela\/wp-content\/uploads\/2026\/05\/28599_702_279474a50e-300x148.png 300w, https:\/\/consultanova.online\/panela\/wp-content\/uploads\/2026\/05\/28599_702_279474a50e-1024x505.png 1024w, https:\/\/consultanova.online\/panela\/wp-content\/uploads\/2026\/05\/28599_702_279474a50e-768x379.png 768w, https:\/\/consultanova.online\/panela\/wp-content\/uploads\/2026\/05\/28599_702_279474a50e-600x296.png 600w\" sizes=\"(max-width: 1136px) 100vw, 1136px\" \/><\/a>\n\t\t\t<\/div><\/figure>\n\t\t<\/div>\n\t\t<\/div>\n\t\t\t\t\t\t<\/div>\n\t\t\t\t<\/div>\n\t\t\t\t<div class=\"elementor-element elementor-element-626f2b8 elementor-widget elementor-widget-image-gallery\" data-id=\"626f2b8\" data-element_type=\"widget\" data-e-type=\"widget\" data-widget_type=\"image-gallery.default\">\n\t\t\t\t<div class=\"elementor-widget-container\">\n\t\t\t\t\t\t\t<div class=\"elementor-image-gallery\">\n\t\t\t<div id='gallery-4' class='gallery galleryid-2474 gallery-columns-1 gallery-size-full'><figure class='gallery-item'>\n\t\t\t<div class='gallery-icon landscape'>\n\t\t\t\t<a data-elementor-open-lightbox=\"yes\" data-elementor-lightbox-slideshow=\"626f2b8\" data-elementor-lightbox-title=\"Argumentos_Fogoes_e833f569e9\" data-e-action-hash=\"#elementor-action%3Aaction%3Dlightbox%26settings%3DeyJpZCI6MjQ4MiwidXJsIjoiaHR0cHM6XC9cL2NvbnN1bHRhbm92YS5vbmxpbmVcL3BhbmVsYVwvd3AtY29udGVudFwvdXBsb2Fkc1wvMjAyNlwvMDVcL0FyZ3VtZW50b3NfRm9nb2VzX2U4MzNmNTY5ZTktc2NhbGVkLmpwZyIsInNsaWRlc2hvdyI6IjYyNmYyYjgifQ%3D%3D\" href='https:\/\/consultanova.online\/panela\/wp-content\/uploads\/2026\/05\/Argumentos_Fogoes_e833f569e9-scaled.jpg'><img loading=\"lazy\" decoding=\"async\" width=\"2560\" height=\"302\" src=\"https:\/\/consultanova.online\/panela\/wp-content\/uploads\/2026\/05\/Argumentos_Fogoes_e833f569e9-scaled.jpg\" class=\"attachment-full size-full\" alt=\"\" srcset=\"https:\/\/consultanova.online\/panela\/wp-content\/uploads\/2026\/05\/Argumentos_Fogoes_e833f569e9-scaled.jpg 2560w, https:\/\/consultanova.online\/panela\/wp-content\/uploads\/2026\/05\/Argumentos_Fogoes_e833f569e9-300x35.jpg 300w, https:\/\/consultanova.online\/panela\/wp-content\/uploads\/2026\/05\/Argumentos_Fogoes_e833f569e9-1024x121.jpg 1024w, https:\/\/consultanova.online\/panela\/wp-content\/uploads\/2026\/05\/Argumentos_Fogoes_e833f569e9-768x91.jpg 768w, https:\/\/consultanova.online\/panela\/wp-content\/uploads\/2026\/05\/Argumentos_Fogoes_e833f569e9-1536x181.jpg 1536w, https:\/\/consultanova.online\/panela\/wp-content\/uploads\/2026\/05\/Argumentos_Fogoes_e833f569e9-2048x242.jpg 2048w, https:\/\/consultanova.online\/panela\/wp-content\/uploads\/2026\/05\/Argumentos_Fogoes_e833f569e9-600x71.jpg 600w\" sizes=\"(max-width: 2560px) 100vw, 2560px\" \/><\/a>\n\t\t\t<\/div><\/figure>\n\t\t<\/div>\n\t\t<\/div>\n\t\t\t\t\t\t<\/div>\n\t\t\t\t<\/div>\n\t\t\t\t\t<\/div>\n\t\t\t\t<\/div>\n\t\t\t\t<\/div>\n\t\t","protected":false},"excerpt":{"rendered":"<p>O jogo de panelas Tramontina Paris em alum\u00ednio com revestimento interno e externo antiaderente Starflon Max vermelho 7 Pe\u00e7as tem itens especiais para o sucesso das suas tarefas na cozinha! Ele tem pe\u00e7as produzidas em alum\u00ednio com revestimento interno e externo antiaderente Starflon Max, atributos que proporcionam o cozimento uniforme dos alimentos e evita que eles grudem em suas superf\u00edcies. Suas panelas e a ca\u00e7arola possuem tampas de vidro temperado com bordas em a\u00e7o inox e seus cabos e al\u00e7as s\u00e3o em baquelite antit\u00e9rmico e os pegadores em nylon, materiais que proporcionam um manuseio seguro e confort\u00e1vel, pois n\u00e3o aquecem. Al\u00e9m disso, \u00e9 um jogo f\u00e1cil de limpar e que pode ir \u00e0 m\u00e1quina de lavar lou\u00e7as. Com a Tramontina, voc\u00ea tem o melhor para equipar sua cozinha! \u00a0 Informa\u00e7\u00f5es Gerais Corpo de alum\u00ednio com espessura que proporciona cozimento r\u00e1pido e uniforme. Revestimento interno e externo de antiaderente Starflon Max que n\u00e3o gruda, \u00e9 f\u00e1cil de limpar, mais dur\u00e1vel e n\u00e3o \u00e9 prejudicial \u00e0 sa\u00fade, pois \u00e9 livre de PFOA. Tampas de vidro temperado, com sa\u00edda de vapor e bordas de a\u00e7o inox. Cabos, al\u00e7as de baquelite antit\u00e9rmico e pegadores de nylon que oferecem seguran\u00e7a durante o manuseio. Podem ir \u00e0 m\u00e1quina de lavar lou\u00e7as facilitando seu dia a dia. Pode ser utilizada nos fog\u00f5es: g\u00e1s, el\u00e9trico e vitrocer\u00e2mico &#8211; resist\u00eancia el\u00e9trica. \u00a0 Recomenda\u00e7\u00f5es de uso Antes do primeiro uso, lave com esponja macia, sab\u00e3o neutro ou detergente l\u00edquido. Depois de secar, unte a \u00e1rea interna com \u00f3leo ou gordura e leve ao fogo por um ou dois minutos. Deixe esfriar e lave novamente. Seu utens\u00edlio Starflon est\u00e1 pronto para uso com ou sem gordura, sempre em fogo baixo ou m\u00e9dio (nunca superior a 260\u00baC). Para mexer os alimentos use somente utens\u00edlios de silicone, nylon ou madeira. Limpeza: Evite a imers\u00e3o do utens\u00edlio quente em \u00e1gua fria. Nunca utilize produtos abrasivos na lavagem. Se deixar queimar alimentos, umede\u00e7a a \u00e1rea e reserve at\u00e9 que possa remover os res\u00edduos grudados com esponja e sab\u00e3o. A capacidade volum\u00e9trica m\u00e1xima para cozimento \u00e9 de 3\/4 da capacidade total da pe\u00e7a. Posicione os cabos dos utens\u00edlios voltados ao centro do fog\u00e3o. Em fog\u00f5es com grade, centralize as pe\u00e7as sobre a chama ou fonte de calor e alinhe os cabos com a grade. Utens\u00edlios quentes devem estar fora do alcance das crian\u00e7as. Para descarte dos produtos e embalagem siga as orienta\u00e7\u00f5es de reciclagem vigentes. \u00a0 Especifica\u00e7\u00f5es Corpo de alum\u00ednio com espessura que proporciona cozimento r\u00e1pido e uniforme. Revestimento interno e externo de antiaderente Starflon Max que n\u00e3o gruda, \u00e9 f\u00e1cil de limpar, mais dur\u00e1vel e n\u00e3o \u00e9 prejudicial \u00e0 sa\u00fade, pois \u00e9 livre de PFOA. Tampas de vidro temperado, com sa\u00edda de vapor e bordas de a\u00e7o inox. Cabos, al\u00e7as de baquelite antit\u00e9rmico e pegadores de nylon que oferecem seguran\u00e7a durante o manuseio. Podem ir \u00e0 m\u00e1quina de lavar lou\u00e7as facilitando seu dia a dia. Pode ser utilizada nos fog\u00f5es: g\u00e1s, el\u00e9trico e vitrocer\u00e2mico &#8211; resist\u00eancia el\u00e9trica. \u00a0 Antes do primeiro uso, lave com esponja macia, sab\u00e3o neutro ou detergente l\u00edquido. Depois de secar, unte a \u00e1rea interna com \u00f3leo ou gordura e leve ao fogo por um ou dois minutos. Deixe esfriar e lave novamente. Seu utens\u00edlio Starflon est\u00e1 pronto para uso com ou sem gordura, sempre em fogo baixo ou m\u00e9dio (nunca superior a 260\u00baC). Para mexer os alimentos use somente utens\u00edlios de silicone, nylon ou madeira. Limpeza: Evite a imers\u00e3o do utens\u00edlio quente em \u00e1gua fria. Nunca utilize produtos abrasivos na lavagem. Se deixar queimar alimentos, umede\u00e7a a \u00e1rea e reserve at\u00e9 que possa remover os res\u00edduos grudados com esponja e sab\u00e3o. A capacidade volum\u00e9trica m\u00e1xima para cozimento \u00e9 de 3\/4 da capacidade total da pe\u00e7a. Posicione os cabos dos utens\u00edlios voltados ao centro do fog\u00e3o. Em fog\u00f5es com grade, centralize as pe\u00e7as sobre a chama ou fonte de calor e alinhe os cabos com a grade. Utens\u00edlios quentes devem estar fora do alcance das crian\u00e7as. Para descarte dos produtos e embalagem siga as orienta\u00e7\u00f5es de reciclagem vigentes. \u00a0<\/p>\n","protected":false},"featured_media":2479,"template":"","meta":[],"product_brand":[],"product_cat":[79],"product_tag":[80],"class_list":{"0":"post-2474","1":"product","2":"type-product","3":"status-publish","4":"has-post-thumbnail","6":"product_cat-panelas","7":"product_tag-1972-unidades-resgatadas","9":"first","10":"instock","11":"sale","12":"shipping-taxable","13":"purchasable","14":"product-type-simple"},"acf":[],"_links":{"self":[{"href":"https:\/\/consultanova.online\/panela\/wp-json\/wp\/v2\/product\/2474","targetHints":{"allow":["GET"]}}],"collection":[{"href":"https:\/\/consultanova.online\/panela\/wp-json\/wp\/v2\/product"}],"about":[{"href":"https:\/\/consultanova.online\/panela\/wp-json\/wp\/v2\/types\/product"}],"version-history":[{"count":4,"href":"https:\/\/consultanova.online\/panela\/wp-json\/wp\/v2\/product\/2474\/revisions"}],"predecessor-version":[{"id":2489,"href":"https:\/\/consultanova.online\/panela\/wp-json\/wp\/v2\/product\/2474\/revisions\/2489"}],"wp:featuredmedia":[{"embeddable":true,"href":"https:\/\/consultanova.online\/panela\/wp-json\/wp\/v2\/media\/2479"}],"wp:attachment":[{"href":"https:\/\/consultanova.online\/panela\/wp-json\/wp\/v2\/media?parent=2474"}],"wp:term":[{"taxonomy":"product_brand","embeddable":true,"href":"https:\/\/consultanova.online\/panela\/wp-json\/wp\/v2\/product_brand?post=2474"},{"taxonomy":"product_cat","embeddable":true,"href":"https:\/\/consultanova.online\/panela\/wp-json\/wp\/v2\/product_cat?post=2474"},{"taxonomy":"product_tag","embeddable":true,"href":"https:\/\/consultanova.online\/panela\/wp-json\/wp\/v2\/product_tag?post=2474"}],"curies":[{"name":"wp","href":"https:\/\/api.w.org\/{rel}","templated":true}]}}